et r(j) = 5*c(j) - 9*p(j). Determine r(a).
5
Let b(x) = 9*x**2 + 61*x - x**3 + 55*x + 11 - 122*x. Determine b(8).
27
Let s be (-5)/(-5)*-35 + 3. Let w be 5/(-2)*s/40. Let v(r) = -r**2 + r + 1. Calculate v(w).
-1
Let z(y) = -y**3 + 5*y**2 + 12*y - 1. Let m(g) be the first derivative of g**2/2 + g + 30. Let f(b) = -5*m(b) + z(b). Calculate f(6).
0
Let g = -86 - -97. Suppose f - 4*r - 6 = 0, 2*f + 2*r - 3*r - 19 = 0. Suppose 5*p + 4*i + f = 0, p + 2*p - i = g. Let y(m) = 2*m - 3. Give y(p).
1
Let k(a) = -6*a - 6. Let t(h) = -h - 1. Let v(i) = 2*k(i) - 11*t(i). Determine v(5).
-6
Suppose 5*h = 5*j + 50, -h - 3*j - 20 = -2*h. Let m = h + 0. Let a(q) = 2*q + 1. Determine a(m).
11
Let g(f) = 11*f**3 - 17*f**2 + 6*f - 5. Let n(q) = 2*q**3 - 2*q**2. Let s(w) = g(w) - 5*n(w). Let o(y) = -y**2 + 7*y - 6. Let x be o(4). Give s(x).
-5
Suppose g + 6 = 4*g. Let o(m) = -19*m**2 + 3*m**3 + 2*m + g*m**3 + 4 - 6*m**3 + 14*m**2. Calculate o(-5).
-6
Let q(o) = 2*o**2 - 6193*o - 2 - o**2 + 6192*o. Let n be (-9)/(-15) + 24/10. What is q(n)?
4
Let p(z) = -117*z + 81. Let b(l) = -7*l + 5. Let a(r) = 99*b(r) - 6*p(r). Determine a(-3).
-18
Let l(o) = 2*o**2 + 13*o - 23. Let k be l(2). Let w(g) = -g + 25. Calculate w(k).
14
Let g(n) be the third derivative of -n**5/120 + 7*n**4/24 + 2*n**3/3 - 4*n**2. Let u(f) be the first derivative of g(f). Give u(0).
7
Let d(w) be the second derivative of -w**6/120 - w**5/10 - 5*w**3/6 + w**2/2 - 3*w. Let z(m) be the first derivative of d(m). Determine z(-6).
-5
Let o(i) = 3*i**3 - 2*i**2 + i. Let u(q) = -3*q**2 + 44*q + 16. Let l be u(15). Calculate o(l).
2
Let k(d) = 4*d + 5. Let f(c) = -7*c - 11. Let n(h) = -3*f(h) - 5*k(h). Let o(g) = -2*g + 1. Let j be o(4). Determine n(j).
1
Let n(j) be the second derivative of 0 + 1/12*j**4 - j**3 + j**2 + 13*j. What is n(4)?
-6
Let x(n) = n + 5. Let m(a) = 4*a - 9. Let z(h) be the second derivative of -h**3/6 - h**2/2 + 9*h. Let y(d) = m(d) + 5*z(d). Let f be y(-8). Determine x(f).
-1
Let t(j) = -2*j**2 + j + 1. Let b be -8 + 5 - (-2)/1. What is t(b)?
-2
Let k(b) be the second derivative of b**5/20 - b**4/12 - b**3/6 + b**2 + 97*b + 1. Determine k(1).
1
Let p(c) = -4*c**3 + 7*c - 4. Let b(k) = 3*k**3 - k**2 - 6*k + 4. Let y(h) = 3*b(h) + 2*p(h). Calculate y(3).
-8
Let s(z) be the first derivative of -z**2/2 - 4*z - 21. Suppose 0 = -5*t + 6 + 14. Give s(t).
-8
Suppose 5*x = -c - 17 - 10, -29 = 2*c + 5*x. Let s = c - -2. Suppose s*m - m = -4. Let z(n) = -n**3 + 3*n**2 + 4*n - 4. What is z(m)?
-4
Suppose 2*k + 4 = -0*k. Suppose 3*l = -0*d + 3*d - 33, 5*d - 4*l - 50 = 0. Let r(j) = 1 + 4 - j + 3 - d. What is r(k)?
4
Let x = 69 + -64. Suppose 0*h = -2*s + 2*h, -5*s - 4*h = 0. Suppose 4*b + 3 = c - s, x*c = -b - 6. Let d(u) = 3*u**3 + 2*u**2 + u. What is d(c)?
-2
Let f(k) be the second derivative of k**5/20 - 5*k**4/12 - 5*k**3/6 - k**2/2 + 210*k. Determine f(6).
5
Suppose 3*d = 8*d - 5*g + 20, 4*d = 5*g - 20. Let p = -1 + 3. Let o(u) = -4 - 2*u**p + 4*u**2 - u**2. What is o(d)?
-4
Suppose 0 = -5*s + z + 4 + 19, -9 = 3*z. Let r(t) = t**2 - 6*t + 2. Calculate r(s).
-6
Let l(b) be the third derivative of -b**5/24 - b**4/24 - 2*b**3/3 + 9*b**2. Let i(c) be the first derivative of l(c). Give i(-4).
19
Let k = 8 - 4. Let n(x) be the second derivative of -x**5/20 + x**4/4 + 7*x**3/6 - 3*x**2 - 3*x + 12. Calculate n(k).
6
Let g(l) = 3*l**2 - 2*l. Let p(c) = -c**2 - 1. Let y(h) = g(h) + 2*p(h). Give y(-2).
6
Let s(a) be the second derivative of -a**5/20 + a**4/2 + a**3/2 - 4*a**2 - 9*a + 2. Determine s(6).
10
Let i(a) be the third derivative of -a**8/672 + a**7/2520 - a**5/120 + a**4/8 - 6*a**2. Let d(x) be the second derivative of i(x). What is d(-1)?
10
Let u(p) be the first derivative of 2*p**3/3 + 3*p**2/2 - p - 6. Let b(g) = -g**2 - g + 1. Let i(m) = -3*b(m) - u(m). What is i(3)?
7
Let y(q) = -4*q + 1. Suppose -8 = -9*c + 73. Let z be (2 + -5)*3/c. Determine y(z).
5
Let x(l) be the third derivative of 3*l**4/8 - 5*l**3/6 + 154*l**2. Determine x(-3).
-32
Let a(d) = 2*d**2 + 1. Let x(k) = -2*k**2 - 8*k - 1. Let y be x(-4). Determine a(y).
3
Let w(k) = 7*k**2 + 14*k + 1. Let d(q) = 4*q**2 + 6*q + 1. Let t(y) = -5*d(y) + 3*w(y). Calculate t(-12).
-2
Let m(c) = -c**3 + 5*c**2 + 6*c + 6. Suppose -4*f + 4*p = -28, -3*f - 2 = -2*f - 4*p. Suppose f = -4*r + 34. Determine m(r).
6
Suppose -15*r + r + 56 = 0. Suppose 4*k + 8 = 8*k. Let i(q) = -2*q - 6*q**2 + 3*q**3 - k*q**3 + 2*q**2 + q. Give i(r).
-4
Let o(j) = -j**2 - 6*j - 1. Let p = 2111 + -2117. Calculate o(p).
-1
Suppose 11*v - 1127 = 842. Let o(y) = 6 + v*y - 180*y + 0. Calculate o(7).
-1
Let s(q) = 4*q - 1. Let o be s(1). Let z(y) = 3*y**2 - 2 - 2*y + 228*y**o - 115*y**3 - 112*y**3. Let l(p) = p - 2. Let j be l(4). Calculate z(j).
14
Let k(o) be the third derivative of -o**6/120 + 7*o**5/60 - o**4/8 - 2*o**3/3 - 378*o**2. What is k(6)?
14
Let r(g) = 9*g**2 + 1. Let z be r(1). Suppose -6*d + d = -z. Let a(v) = v**3 - v - 1 + 0*v**2 - 4*v**2 - d*v**2 + v**2. What is a(5)?
-6
Let z(t) = 6760*t - 6757*t + t**3 - 2*t**2 + 1 - 3*t**2. Calculate z(2).
-5
Let d(v) be the second derivative of -1/20*v**5 + 0 - v**2 + 1/3*v**3 + 3*v + 1/3*v**4. Determine d(4).
6
Let u(x) = -x**3 - 6*x**2 - x + 5. Suppose 120 = -11*q - 4*q. Let t be 4 + q + 8 + -9. Give u(t).
-15
Let f(o) = -o + 4. Suppose -12*x + 8*x = 24. Let m be -3 + (-1)/2*x. Calculate f(m).
4
Let w be (-7)/2*(-22)/((-55)/5). Let r(x) = -2*x**2 - 14*x + 4. Calculate r(w).
4
Let y(f) = 3*f - 13. Let h be y(6). Suppose -h = -2*k + 1. Let i(c) = -107*c**2 + 111*c**2 - 3 - c**k + 2*c**3. Determine i(-4).
-3
Let c be (-8)/(-5)*(-215)/(-86). Let v(i) be the second derivative of -1/6*i**3 + 0 - c*i - i**2. Calculate v(2).
-4
Let l = 30 + -18. Let a = l + -6. Let f(k) = 0*k + 2*k - 11 - k. Calculate f(a).
-5
Let s be 4/1 - 720/(-20). Suppose 4*q + 3*t - s = 0, 4*q + 2*t - 48 = -3*t. Let o(v) = -v + 13. What is o(q)?
6
Suppose -14 = -4*q + 2*i, 3*i - 6 = q - 2. Let n(v) = -v**3 + 4*v**2 + 3*v + 7. What is n(q)?
-3
Let h(p) = -p + 9. Let q(r) = -r - 47. Let v be q(-19). Let u = v + 33. Give h(u).
4
Let x(n) be the first derivative of n**6/45 + n**5/120 - n**4/24 + n**3 - 5. Let a(b) be the third derivative of x(b). Give a(1).
8
Let g(r) = -3*r**3 + 9*r**2 + 42*r + 4. Let m(p) = -p**3 + 3*p**2 + 12*p + 1. Let n(b) = -2*g(b) + 7*m(b). Suppose 5*l - 12 = l. What is n(l)?
-1
Let z(u) be the third derivative of -u**5/60 - u**4/3 + u**3/6 + 18*u**2. Give z(-7).
8
Let n(g) = -g**3 - g**2 - g - 6. Suppose 2*r + 3 = -3*v, -3*r - 4*v + 5 = -9*v. Give n(r).
-6
Let g(k) = 2*k**2 + 2*k - 2. Suppose 4*o = 4*n + 20, -7*n - 16 = -4*n - 4*o. Give g(n).
22
Let a(u) = -u**3 - 3*u**2 + 2. Let i be a(-3). Let n(c) = -c**3 - 14*c**2 - 13*c + 2. Let r be n(-13). Let s(q) = -8*q**2 + 7*q**r - 2*q + 2*q + 2. Give s(i).
-2
Let b = 74 - 80. Let y(i) = -i - 2. Let d be y(b). Let n(c) = c**2 - 3*c + 1. Determine n(d).
5
Let k(m) = 2*m**2 + 8*m - 24. Let u be k(2). Let d(a) = -a - 9. Calculate d(u).
-9
Let y(w) = -1 + 25*w + 23*w - 70*w + 2 + 21*w. Let v be -3 - ((-4)/(-2))/2. Determine y(v).
5
Let b be ((-39)/(-3))/(2/2). Let m = 25 + -12. Let y be 37/m - (-2)/b. Let t(c) = -c**2 + c + 1. Calculate t(y).
-5
Let u = -51 - -55. Let f(t) = t + 1. Let s(o) = o**2 - 5*o - 9. Let q(w) = -4*f(w) - s(w). Calculate q(u).
-7
Let x(t) be the first derivative of t**2/2 + 53*t + 771. What is x(0)?
53
Suppose 6*l - 9 = 3*l. Suppose l*a + a - j = 13, -8 = a - 4*j. Let v(h) = -6 + h**2 - h**3 + 4*h**2 - 5*h + 3 + 9. Give v(a).
2
Let z(b) = -b**3 + 4*b**2 - b - 2. Let q(v) = -5*v**3 + 15*v**2 - 4*v - 9. Let h(u) = u**2 - u - 22. Let j be h(5). Let d(r) = j*q(r) + 9*z(r). Calculate d(-6).
6
Let l = -56 + 57. Let i(u) = u**3 + 4*u**2 - 6*u**3 - 31*u + 33*u + l + 4*u**3. Let f(r) = r**3 - 5*r**2 + 5*r + 1. Let p be f(4). What is i(p)?
-14
Let v = 37 - 32. Let y(o) = -o - 10 - v + 5. Let m be y(-6). Let w(p) = p**3 + 5*p**2 + 5*p + 6. Give w(m).
2
Let i = -5 + 17. Suppose -3*c = -5*n + i, -n + 4*c - 3 + 2 = 0. Let q(t) = -t**2 + t**2 + t**2 + 4 - 3*t. Determine q(n).
4
Let a(j) = -31 + 3*j - 36 + 60. What is a(8)?
17
Suppose -7*v = -5*v - 27*v. Let q(t) = t - 42. Determine q(v).
-42
Let w(q) be the first derivative of q**3 - q**2/2 - 4*q + 28. What is w(-2)?
10
Let q